
{"id":2539,"date":"2021-10-13T09:29:09","date_gmt":"2021-10-13T07:29:09","guid":{"rendered":"https:\/\/przedszkole123.edu.wroclaw.pl\/?page_id=2539"},"modified":"2026-04-14T08:20:47","modified_gmt":"2026-04-14T06:20:47","slug":"grupa-iv-krasnale","status":"publish","type":"page","link":"https:\/\/przedszkole123.edu.wroclaw.pl\/index.php\/grupy\/grupa-iv-krasnale\/","title":{"rendered":"Grupa IV &#8222;Krasnale&#8221;"},"content":{"rendered":"<div class=\"wpb-content-wrapper\"><p>[vc_row][vc_column][vc_column_text css=&#8221;&#8221;]<\/p>\n<p style=\"text-align: left\"><a href=\"https:\/\/przedszkole123.edu.wroclaw.pl\/wp-content\/uploads\/sites\/37\/2021\/10\/spring-elf-gc0a605f74_1920.jpg\"><img loading=\"lazy\" decoding=\"async\" class=\"alignright wp-image-2554\" src=\"https:\/\/przedszkole123.edu.wroclaw.pl\/wp-content\/uploads\/sites\/37\/2021\/10\/spring-elf-gc0a605f74_1920-249x300.jpg\" alt=\"\" width=\"373\" height=\"449\" srcset=\"https:\/\/przedszkole123.edu.wroclaw.pl\/wp-content\/uploads\/sites\/37\/2021\/10\/spring-elf-gc0a605f74_1920-249x300.jpg 249w, https:\/\/przedszkole123.edu.wroclaw.pl\/wp-content\/uploads\/sites\/37\/2021\/10\/spring-elf-gc0a605f74_1920-850x1024.jpg 850w, https:\/\/przedszkole123.edu.wroclaw.pl\/wp-content\/uploads\/sites\/37\/2021\/10\/spring-elf-gc0a605f74_1920-768x926.jpg 768w, https:\/\/przedszkole123.edu.wroclaw.pl\/wp-content\/uploads\/sites\/37\/2021\/10\/spring-elf-gc0a605f74_1920-600x723.jpg 600w, https:\/\/przedszkole123.edu.wroclaw.pl\/wp-content\/uploads\/sites\/37\/2021\/10\/spring-elf-gc0a605f74_1920-1274x1536.jpg 1274w, https:\/\/przedszkole123.edu.wroclaw.pl\/wp-content\/uploads\/sites\/37\/2021\/10\/spring-elf-gc0a605f74_1920.jpg 1593w\" sizes=\"auto, (max-width: 373px) 100vw, 373px\" \/><\/a><\/p>\n<p data-start=\"146\" data-end=\"416\"><strong data-start=\"146\" data-end=\"175\">Cze\u015b\u0107! To my \u2013 \u201eKrasnale\u201d<\/strong>, weso\u0142a i zgrana grupa zer\u00f3wkowicz\u00f3w. Ju\u017c trzeci rok chodzimy do przedszkola, wi\u0119c \u015bwietnie si\u0119 tu odnajdujemy. Teraz jeste\u015bmy najstarsi i przygotowujemy si\u0119 do szko\u0142y, ale wci\u0105\u017c nie brakuje nam u\u015bmiechu, energii i ch\u0119ci do wsp\u00f3lnej zabawy.<\/p>\n<p data-start=\"418\" data-end=\"871\">Naszymi nauczycielkami s\u0105 <strong data-start=\"444\" data-end=\"461\">Pani Kasia E.<\/strong> i <strong data-start=\"464\" data-end=\"481\">Pani Kasia W.<\/strong>, kt\u00f3re ka\u017cdego dnia pomagaj\u0105 nam rozwija\u0107 wiedz\u0119, umiej\u0119tno\u015bci i zainteresowania.<br data-start=\"563\" data-end=\"566\" \/>Wspiera nas r\u00f3wnie\u017c <strong data-start=\"586\" data-end=\"600\">Pani Kasia<\/strong>, kt\u00f3ra czuwa nad naszym bezpiecze\u0144stwem i pomaga w codziennych czynno\u015bciach \u2013 zawsze z \u017cyczliwo\u015bci\u0105 i u\u015bmiechem.<br data-start=\"713\" data-end=\"716\" \/>Na co dzie\u0144 towarzyszy nam tak\u017ce <strong data-start=\"749\" data-end=\"763\">Pani Magda<\/strong>, kt\u00f3ra dba o porz\u0105dek w naszej sali i rozdaje nam pyszne posi\u0142ki \u2013 dzi\u0119ki niej mamy si\u0142\u0119 do nauki i zabawy!<\/p>\n<p data-start=\"873\" data-end=\"1032\">Jeste\u015bmy ciekawi \u015bwiata \u2013 lubimy zadawa\u0107 pytania, poznawa\u0107 nowe rzeczy, uczy\u0107 si\u0119 literek, cyferek, a tak\u017ce \u0107wiczy\u0107 swoj\u0105 spostrzegawczo\u015b\u0107 i logiczne my\u015blenie.<\/p>\n<p data-start=\"1034\" data-end=\"1177\">Potrafimy by\u0107 kole\u017ce\u0144scy i pomocni \u2013 dbamy o dobr\u0105 atmosfer\u0119 w grupie, szanujemy siebie nawzajem i wiemy, jak wa\u017cne jest kulturalne zachowanie.<\/p>\n<p data-start=\"1051\" data-end=\"1184\">Cieszymy si\u0119 z ka\u017cdego dnia sp\u0119dzonego w przedszkolu, bo <strong data-start=\"1108\" data-end=\"1184\">ka\u017cdy dzie\u0144 przynosi nowe przygody<br \/>\ni przygotowuje nas do bycia uczniami!<\/strong><\/p>\n<p>[\/vc_column_text][\/vc_column][\/vc_row][vc_column][\/vc_column][vc_row][vc_column][vc_gallery type=&#8221;image_grid&#8221; images=&#8221;9584,9583,9582,9576&#8243; css=&#8221;&#8221; title=&#8221;13.04, w przedszkolu odby\u0142o si\u0119 spotkanie z muzyk\u0105. Dzieci mia\u0142y okazj\u0119 pozna\u0107 instrument fagot \u2013 dowiedzia\u0142y si\u0119, jak wygl\u0105da, jak si\u0119 na nim gra oraz jaki wydaje d\u017awi\u0119k. By\u0142o to bardzo ciekawe i rozwijaj\u0105ce do\u015bwiadczenie, kt\u00f3re wzbudzi\u0142o du\u017ce zainteresowanie w\u015br\u00f3d dzieci.&#8221;][vc_gallery type=&#8221;image_grid&#8221; images=&#8221;8342,8341,8340,8339,8338,8337,8336,8335,8334,8333&#8243; css=&#8221;&#8221; title=&#8221;W dniu 8 maja grupa przedszkolna \u201eKrasnale\u201d mia\u0142a zaszczyt uczestniczy\u0107 w wyj\u0105tkowym wydarzeniu \u2013 akcji \u201e80 tysi\u0119cy \u017curawi dla pokoju\u201d, kt\u00f3ra odby\u0142a si\u0119 na Placu Wolno\u015bci we Wroc\u0142awiu. Dzieci zawioz\u0142y na miejsce w\u0142asnor\u0119cznie wykonane papierowe \u017curawie i pi\u00f3rka, kt\u00f3re powsta\u0142y podczas zaj\u0119\u0107 w naszym przedszkolu, by wsp\u00f3lnie z innymi uczestnikami rozrzuci\u0107 je jako symbol pokoju, nadziei i solidarno\u015bci. W ramach wycieczki uda\u0142o si\u0119 r\u00f3wnie\u017c odwiedzi\u0107 dwa wyj\u0105tkowe miejsca: Narodowe Forum Muzyki oraz Muzeum Teatru, gdzie dzieci mog\u0142y pozna\u0107 fascynuj\u0105cy \u015bwiat muzyki i sztuki scenicznej. To by\u0142 dzie\u0144 pe\u0142en emocji, wra\u017ce\u0144 i warto\u015bciowych do\u015bwiadcze\u0144 \u2013 dzi\u0119kujemy wszystkim, kt\u00f3rzy przyczynili si\u0119 do organizacji tego pi\u0119knego wydarzenia!&#8221;][vc_text_separator title=&#8221;WYDARZENIA 2024\/2025&#8243; css=&#8221;&#8221;][\/vc_column][\/vc_row][vc_row][vc_column][vc_gallery type=&#8221;image_grid&#8221; images=&#8221;6229,6227,6223,6220&#8243; onclick=&#8221;img_link_large&#8221; custom_links_target=&#8221;_blank&#8221; css=&#8221;&#8221; title=&#8221;20.09 &#8211; Dzieci obchodzi\u0142y w tym dniu Dzie\u0144 Przedszkolaka oraz Dzie\u0144 Pustej Sali. By\u0142 pe\u0142en rado\u015bci i zabawy dla wszystkich przedszkolak\u00f3w. W tym dniu dzieci uczestniczy\u0142y w licznych atrakcjach zorganizowanych w r\u00f3\u017cnych cz\u0119\u015bciach ogrodu przedszkolnego. W\u015br\u00f3d nich by\u0142y zabawy sportowe, puszczanie baniek mydlanych czy zaj\u0119cia zaj\u0119cia muzyczno-ruchowe.&#8221;][\/vc_column][\/vc_row][vc_row][vc_column][vc_gallery type=&#8221;image_grid&#8221; images=&#8221;6398,6396,6362,6363,6361,6214,6409,6407,6405,6403,6404&#8243; onclick=&#8221;img_link_large&#8221; custom_links_target=&#8221;_blank&#8221; css=&#8221;&#8221; title=&#8221;30.09-4.10 &#8211; W tym roku, nasza grupa wzi\u0119\u0142a udzia\u0142 w projekcie edukacyjnym pt. \u201eJesie\u0144 w lesie\u201d. G\u0142\u00f3wnym celem projektu jest G\u0142\u00f3wnym celem projektu by\u0142o poznanie charakterystycznych cech jesieni: dzieci uczy\u0142y si\u0119 rozpoznawa\u0107 kolory jesieni, nazwy drzew i ich owoc\u00f3w, a tak\u017ce obserwowa\u0142y zmiany zachodz\u0105cej w przyrodzie. Zwie\u0144czeniem projektu by\u0142y warsztaty edukacyjne &#8222;Jesienny las\u201d z le\u015bniczym.Dzieci dowiedzia\u0142y si\u0119 o pracy le\u015bniczego, o ochronie lasu , zwierz\u0119tach, kt\u00f3re w nim mieszkaj\u0105. Projekt \u201eJesie\u0144 w lesie\u201d by\u0142 dla dzieci nie tylko ciekaw\u0105 przygod\u0105, ale r\u00f3wnie\u017c okazj\u0105 do nauki, rozwoju i zabawy. Wsp\u00f3lne odkrywanie tajemnic jesiennej przyrody zbli\u017cy\u0142o dzieci do siebie i do otaczaj\u0105cego \u015bwiata.&#8221;][vc_gallery type=&#8221;image_grid&#8221; images=&#8221;7066,7067,7068,7069,7070,7071,7072,7073&#8243; onclick=&#8221;img_link_large&#8221; custom_links_target=&#8221;_blank&#8221; css=&#8221;&#8221; title=&#8221;Krasnale przez okres pa\u017adziernikowy mia\u0142y okazje poznawa\u0107 oraz do\u015bwiadcza\u0107 dar\u00f3w jesieni&#8221;][vc_gallery type=&#8221;image_grid&#8221; images=&#8221;7065,7064,7063,7062,7061&#8243; onclick=&#8221;img_link_large&#8221; custom_links_target=&#8221;_blank&#8221; css=&#8221;&#8221; title=&#8221;18.10.24r &#8211; dzieci mia\u0142y okazj\u0119 spotka\u0107 si\u0119 z policjantem. Podczas spotkania przedszkolaki przypomnia\u0142y sobie zasady bezpiecznego poruszania si\u0119 po drogach, jak reagowa\u0107 w sytuacjach r\u00f3\u017cnych zagro\u017ce\u0144. Szczeg\u00f3lnym zainteresowaniem w\u015br\u00f3d dzieci cieszy\u0142a si\u0119 prezentacja wyposa\u017cenia policyjnego, niezb\u0119dnego podczas wykonywania pracy. Dzieci ch\u0119tnie wys\u0142ucha\u0142y opowiada\u0144 o codziennej pracy policjanta. Spotkanie przebiega\u0142o w bardzo mi\u0142ej atmosferze. Na zako\u0144czenie pan policjant wr\u0119czy\u0142 wszystkim dzieciom odblaski. W podzi\u0119kowaniu za ciekawe spotkanie, przybli\u017cenie i usystematyzowanie zasad bezpiecze\u0144stwa dotycz\u0105cego ruchu drogowego podopieczni nasi wr\u0119czyli drobny upominek. Serdecznie dzi\u0119kujemy za mi\u0142e spotkanie, oraz tre\u015bci przekazane na pewno na d\u0142ugo pozostan\u0105 w naszej pami\u0119ci.&#8221;][\/vc_column][\/vc_row][vc_row][vc_column][vc_gallery type=&#8221;image_grid&#8221; images=&#8221;6689,6690&#8243; onclick=&#8221;img_link_large&#8221; custom_links_target=&#8221;_blank&#8221; css=&#8221;&#8221; title=&#8221;8 listopada &#8211; Obchody Dnia Niepodleg\u0142o\u015bci&#8221;][vc_gallery type=&#8221;image_grid&#8221; images=&#8221;7088,7087,7086,7085&#8243; onclick=&#8221;img_link_large&#8221; custom_links_target=&#8221;_blank&#8221; css=&#8221;&#8221; title=&#8221;18.11.24r &#8211; Dzieci w tym dniu wykona\u0142y du\u017co dzia\u0142a\u0144 na znak solidarno\u015bci z naszymi bohaterami, kolorem dominuj\u0105cym tego dnia by\u0142 kolor fioletowy. Dzieci kolorowa\u0142y skarpetki oraz zrobi\u0142y serduszka jako symbole dzieci urodzonych przedwcze\u015bnie. Rozmawiali\u015bmy o tym kto to jest wcze\u015bniak? Dowiedzieli\u015bmy si\u0119 r\u00f3wnie, \u017ce dzieci urodzone przedwcze\u015bnie wymagaj\u0105 specjalistycznej opieki szpitalnej, leczenia, a cz\u0119sto wieloletniej rehabilitacji. \u017beby dor\u00f3wna\u0107 swoim r\u00f3wie\u015bnikom, wcze\u015bniak musi w\u0142o\u017cy\u0107 w sw\u00f3j rozw\u00f3j wiele wysi\u0142ku, a personel medyczny i rodzina musz\u0105 mu w tym towarzyszy\u0107. By\u0142o to pi\u0119kna inicjatywa i lekcja dla nas wszystkich, jeste\u015bmy dumni, \u017ce mogli\u015bmy przy\u0142\u0105czy\u0107 si\u0119 do tej akcji.&#8221;][vc_gallery type=&#8221;image_grid&#8221; images=&#8221;7136,7135,7134,7133,7132&#8243; onclick=&#8221;img_link_large&#8221; custom_links_target=&#8221;_blank&#8221; css=&#8221;&#8221; title=&#8221;20.11.24r &#8211; to wyj\u0105tkowy dzie\u0144 \u2013 rocznica uchwalenia Konwencji o prawach dziecka, kt\u00f3ra to gwarantuje wszystkim dzieciom r\u00f3wno\u015b\u0107 wobec prawa. Ka\u017cde dziecko, bez wzgl\u0119du na swoje pochodzenie, narodowo\u015b\u0107, przynale\u017cno\u015b\u0107 etniczn\u0105, kolor sk\u00f3ry, wyznawan\u0105 religi\u0119, status spo\u0142eczno-ekonomiczny ma takie same prawa. Wsz\u0119dzie na \u015bwiecie prawa dziecka powinny by\u0107 respektowane.. W tym wyj\u0105tkowym dniu przedszkolaki przysz\u0142y ubrane na niebiesko, kolorze b\u0119d\u0105cym symbolem solidarno\u015bci ze wszystkimi dzie\u0107mi na \u015bwiecie, r\u00f3wnie\u017c tymi, kt\u00f3rych prawa nie s\u0105 przestrzegane. W grupach zosta\u0142y przeprowadzone zaj\u0119cia o prawach dziecka z wykorzystaniem ciekawych materia\u0142\u00f3w edukacyjnych oraz odby\u0142y si\u0119 rozmowy na temat praw dzieci. Dzieci ogl\u0105da\u0142y filmy edukacyjne i prezentacje w tej tematyce, kolorowa\u0142y ilustracje z wybranymi przez siebie prawami, wykonywa\u0142y prace plastyczne Edukacja o prawach dziecka ma ogromne znaczenie! Prawa chroni\u0105 dzieci, ale i wspieraj\u0105 je w prawid\u0142owym rozwoju. Znajomo\u015b\u0107 Konwencji umo\u017cliwia doros\u0142ym zrozumienie ich roli w zagwarantowaniu i respektowaniu praw dziecka. Z kolei przybli\u017canie praw dziecka najm\u0142odszym pozwala im uchroni\u0107 si\u0119 przed r\u00f3\u017cnymi niebezpiecze\u0144stwami. Dlatego tak wa\u017cnym elementem wychowania przedszkolnego jest kszta\u0142towanie u dzieci \u015bwiadomo\u015bci ich w\u0142asnych praw, uczenie poszanowania praw innych i radzenie sobie w sytuacjach naruszania w\u0142asnych praw. Wierzymy, \u017ce dobrze ugruntowana wiedza dziecka, poczucie jego w\u0142asnej warto\u015bci da dobre podstawy do bycia w przysz\u0142o\u015bci wspania\u0142ym cz\u0142owiekiem.&#8221;][vc_gallery type=&#8221;image_grid&#8221; images=&#8221;7139,7140,7141,7142,7143&#8243; onclick=&#8221;img_link_large&#8221; custom_links_target=&#8221;_blank&#8221; css=&#8221;&#8221; title=&#8221;25 listopada &#8211; Krasnale obchodzi\u0142y Dzie\u0144 Pluszowego Misia&#8221;][vc_gallery type=&#8221;image_grid&#8221; images=&#8221;7145,7149,7161,7158,7156,7155&#8243; onclick=&#8221;img_link_large&#8221; custom_links_target=&#8221;_blank&#8221; css=&#8221;&#8221; title=&#8221;Krasnale w listopadzie wykona\u0142y wyzwanie nr 2 w ramach projektu edukacyjnego &#8222;Edukacja w ruchu&#8222;. W tym wyzwaniu realizowa\u0142y zimowe zadania dzi\u0119ki kt\u00f3rym dzieci mia\u0142y jeszcze wi\u0119cej okazji do aktywno\u015bci fizycznej. Dzi\u0119ki dobrej zabawie z Krokietem i Lam\u0105 dzieci bez rywalizacji mog\u0142y \u0107wiczy\u0107 r\u00f3\u017cne partie cia\u0142a. Dzieci z zaciekawieniem uczestniczy\u0142y w lekcjach ruchowych. #edukacjawruchu #edukacjawruchuWroclaw #PhysicallyActiveLearning @FundacjaV4Sport @awf.wroc @AkademiaKrokietaiLamy @wroclaw.wroclove&#8221;][\/vc_column][\/vc_row]<\/p>\n<\/div>","protected":false},"excerpt":{"rendered":"<p>[vc_row][vc_column][vc_column_text css=&#8221;&#8221;] Cze\u015b\u0107! To my \u2013 \u201eKrasnale\u201d, weso\u0142a i zgrana grupa zer\u00f3wkowicz\u00f3w. Ju\u017c trzeci rok chodzimy do przedszkola, wi\u0119c \u015bwietnie si\u0119 tu odnajdujemy. Teraz jeste\u015bmy najstarsi i przygotowujemy si\u0119 do [&hellip;]<\/p>\n","protected":false},"author":72,"featured_media":0,"parent":98,"menu_order":0,"comment_status":"closed","ping_status":"closed","template":"","meta":{"ngg_post_thumbnail":0,"footnotes":""},"class_list":["post-2539","page","type-page","status-publish","hentry","clearfix"],"_links":{"self":[{"href":"https:\/\/przedszkole123.edu.wroclaw.pl\/index.php\/wp-json\/wp\/v2\/pages\/2539","targetHints":{"allow":["GET"]}}],"collection":[{"href":"https:\/\/przedszkole123.edu.wroclaw.pl\/index.php\/wp-json\/wp\/v2\/pages"}],"about":[{"href":"https:\/\/przedszkole123.edu.wroclaw.pl\/index.php\/wp-json\/wp\/v2\/types\/page"}],"author":[{"embeddable":true,"href":"https:\/\/przedszkole123.edu.wroclaw.pl\/index.php\/wp-json\/wp\/v2\/users\/72"}],"replies":[{"embeddable":true,"href":"https:\/\/przedszkole123.edu.wroclaw.pl\/index.php\/wp-json\/wp\/v2\/comments?post=2539"}],"version-history":[{"count":85,"href":"https:\/\/przedszkole123.edu.wroclaw.pl\/index.php\/wp-json\/wp\/v2\/pages\/2539\/revisions"}],"predecessor-version":[{"id":9588,"href":"https:\/\/przedszkole123.edu.wroclaw.pl\/index.php\/wp-json\/wp\/v2\/pages\/2539\/revisions\/9588"}],"up":[{"embeddable":true,"href":"https:\/\/przedszkole123.edu.wroclaw.pl\/index.php\/wp-json\/wp\/v2\/pages\/98"}],"wp:attachment":[{"href":"https:\/\/przedszkole123.edu.wroclaw.pl\/index.php\/wp-json\/wp\/v2\/media?parent=2539"}],"curies":[{"name":"wp","href":"https:\/\/api.w.org\/{rel}","templated":true}]}}